 20. Suppose -6 - 2 = 4*y, a*f = -y + 6. What are the prime factors of f?
2
Suppose -j = -3*v + 4*j + 50, 65 = 3*v - 2*j. Let t = 15 + v. List the prime factors of t.
2, 5
Suppose 3*u = 3*f + 12, 7*u - 2*u - 20 = -f. Let d(w) = -w. Let z be d(0). Suppose z*r + 2*o + 4 = r, f = o - 1. What are the prime factors of r?
2, 3
Suppose 0 = -3*b + 53*z - 50*z + 2853, 2*b - z - 1907 = 0. List the prime factors of b.
2, 239
Suppose 0*r = 3*r. Suppose r = -4*s - 4*w + 12, 3*s - 33 = -s + 3*w. Suppose s*n = n + 20. List the prime factors of n.
2
Let o(p) = -4*p + 5*p + 8*p**2 + 3*p + 5 + 2. What are the prime factors of o(-3)?
67
Let z be -6 + 3 - ((-2 - -4) + -5). Suppose 4*d - 147 - 133 = z. List the prime factors of d.
2, 5, 7
Suppose 0 = 5*h + 3*h - 168. List the prime factors of h.
3, 7
Let r(g) = 7*g**3 + g**2 - 5*g + 25. What are the prime factors of r(5)?
2, 3, 5
Let g be -1 + 2 - (-5)/(-1). Let l(s) = -s**3 - 3*s**2 - 3*s - 4. Let j be l(g). Let b = j - 2. List the prime factors of b.
2, 11
Suppose 12 = -2*o + 30. Suppose -376 - 11 = -o*k. What are the prime factors of k?
43
Let g = 943 + -522. List the prime factors of g.
421
Suppose 2*a - 73 = -3*q, -36 = 3*q + 3*a - 114. Suppose -2 = -3*r + 25. Let l = q - r. List the prime factors of l.
2, 3
Suppose 3*g + 21 = 3*f, 4 = -0*f + 4*f + 2*g. Suppose 3*h - f*y + 8*y = 558, -4*h = -2*y - 718. What are the prime factors of h?
181
Let m(j) = -j**3 + 8*j**2 + 9*j + 1. Let k be m(9). List the prime factors of (-1 + -1)*k/4*-366.
3, 61
Let g(v) = v**3 + v + 15. Let s be g(0). Let o(r) = 46*r + 4. Let j be o(1). Suppose -k = -j + s. List the prime factors of k.
5, 7
Let y be (-11 + 7)*(-1)/2. Suppose 0 = 2*u + 3*u - 570. Suppose -196 = -4*z - 4*f, -y*z + u - 8 = 4*f. What are the prime factors of z?
3, 5
Suppose 5*o = 131 + 54. Suppose -j = 3, -o = -2*w - j - 2. Suppose 4*c - 3*u - w = 3*c, -5*c + u = -39. What are the prime factors of c?
7
Suppose -4*r - 2*f = -12816, -73*r + 12816 = -69*r + f. What are the prime factors of r?
2, 3, 89
Let t(o) = 11*o + 4. Suppose -5*g + 3*r - 44 = -10*g, -5*g + 2*r + 29 = 0. What are the prime factors of t(g)?
3
Suppose -3*h = p + 179, 4*p + 116 = -2*h - 0*p. Let l be 3*h*2/(-9). Suppose -f - l = -3*f. What are the prime factors of f?
2, 5
Let w(a) = -3*a**2 - 4*a + 1. Let m be w(-3). What are the prime factors of 256/6 + m/(-42)?
43
Suppose 113*h = 122*h - 540. What are the prime factors of h?
2, 3, 5
Let z be -15*((-108)/(-15))/(-6). What are the prime factors of z/15*(62 + -7)?
2, 3, 11
Let g(i) be the third derivative of -i**6/120 - i**5/4 - i**4/6 + 5*i**3/3 + 16*i**2. List the prime factors of g(-15).
2, 5, 7
What are the prime factors of 143*1 - 0/(-9)?
11, 13
Suppose 2*h + 2*h - w - 15 = 0, 2*h + 2*w = 10. Suppose 0 = -3*z - h*t + 103, z + 12 - 47 = -t. List the prime factors of z.
37
Let g be -4*((-20)/(-16) - 3/4). List the prime factors of (-66)/12 - -7 - 505/g.
2, 127
List the prime factors of ((-315)/30 - -13)/(1/942).
3, 5, 157
Suppose -6*c - c = 2*c. Suppose y = -0 + 3. Suppose l - y*j - 9 = c, 0 = l + 3*j - 8*j + 1. List the prime factors of l.
2, 3
Let i = 178 + -108. What are the prime factors of i?
2, 5, 7
Let r(j) = 179*j**2 + j + 3. What are the prime factors of r(1)?
3, 61
What are the prime factors of (55010/2)/((-710)/(-142))?
5501
Let m = 42 + -38. Let x = 8 - m. List the prime factors of x.
2
Let t(n) = 79*n + 43. Let u be t(6). Suppose 0 = w - 2*h - 173, 3*h = 3*w - h - u. What are the prime factors of w?
3, 19
Let w(z) = -4*z + 3. Let v(t) be the third derivative of 5*t**4/24 - t**3/2 - 9*t**2. Let n(i) = 3*v(i) + 4*w(i). What are the prime factors of n(-9)?
2, 3
Let h(i) = i**3 + i**2 + i - 11. Let k be h(0). Let t = k + 13. List the prime factors of -4 - (-4)/t - -21.
19
Let b(u) = u**2 - 8*u + 15. Let c(k) = k**2 - 16*k + 3. Let d be c(16). Suppose -5*j = -j + d*n - 40, j + 2*n = 10. List the prime factors of b(j).
5, 7
Let i = 43 - 37. List the prime factors of (-58)/(-4) + i/12.
3, 5
What are the prime factors of 3143 - (34/(-51) + 11/3)?
2, 5, 157
Let y = 23 - 0. Let c = 18 - y. Let a(i) = -i**3 - 3*i**2 + 3*i - 4. What are the prime factors of a(c)?
31
Let r(l) = -8 - 4*l - 9*l + 4*l. Let o = -11 - -7. What are the prime factors of r(o)?
2, 7
Suppose -5*z - 4*o + 4442 = 0, 3*z - 3*o = -6*o + 2664. List the prime factors of z.
2, 5, 89
What are the prime factors of 3774 + (1 - (0 + 5))?
2, 5, 13, 29
Let y(z) be the second derivative of -z**5/20 - 5*z**4/6 + 7*z**3/3 + 21*z**2/2 + 24*z. What are the prime factors of y(-12)?
3, 47
Let v = 39 + -35. Suppose -3*w - 3*t = -0*t - 45, 5*w = v*t + 84. List the prime factors of w.
2
Let c = -15 + -39. Let d = c + 98. What are the prime factors of d?
2, 11
Let o be (-9)/(-36) + (-14)/(-8). Suppose -4*x + 32 + 20 = -4*j, -j + 20 = o*x. What are the prime factors of x?
11
Suppose 5*t = t + 4. What are the prime factors of 122 - (1 + 3 + t)?
3, 13
Suppose -18 = w - 5*b - 0, -4*b + 40 = -4*w. Let k = w + 8. Suppose 4*c + 3*g = 15, 0 = -c - 3*g - k - 3. What are the prime factors of c?
2, 3
Suppose -2*d + 13 = b + 1, 0 = -4*b - 4*d + 40. Let a(y) = y**2 + 7*y + 19. What are the prime factors of a(b)?
139
Let c be ((-11)/(11/6))/2. Let l be 36*((-2)/(-2) + c). Let u = -43 - l. What are the prime factors of u?
29
Suppose -2*z = 0, 0 = -3*x - 4*z - z. Suppose 0 = 5*o - 13 - 32. Suppose x*p - 20 = -4*p + 4*a, -3*p = -5*a - o. What are the prime factors of p?
2
Let a(i) = -i**2 - 6*i - 6. Suppose 2*l - 9 = n, -2*l - 10 = 3*n + 1. Let f be a(n). Let h(s) = -18*s + 1. What are the prime factors of h(f)?
19
Suppose -2*p + 48401 = 27*p. List the prime factors of p.
1669
Suppose 0 = 15*q - 17792 + 3152. List the prime factors of q.
2, 61
Let m = 46 - 44. Let g(j) = 5*j**2 + j - 1. List the prime factors of g(m).
3, 7
Suppose y - 17 = 2*i - 74, -241 = 4*y + 5*i. Suppose 0 = 5*r + 2*z + 92 + 76, 0 = -4*r - 5*z - 148. Let x = r - y. List the prime factors of x.
3
Let p = -206 - -862. What are the prime factors of p?
2, 41
Suppose 4*b - k - 10 = 0, -4 + 14 = b - 4*k. Suppose -2*x + 181 = -2*h + 7*h, b*x - 6 = 0. What are the prime factors of h?
5, 7
Let k = 31 + -26. Suppose -345 = -k*i - 40. What are the prime factors of i?
61
Let m be (1 - 3) + 0 + 17. Suppose -b + 5*f - 8 = f, -3*f = m. Let w = 72 + b. List the prime factors of w.
2, 11
Let v = 11 + -6. Suppose 33 = 4*u - v*q, 3*u + 4*q + 9 = q. List the prime factors of (-1*u)/((-16)/264).
3, 11
Let t(s) = 4*s**2 - 4*s. List the prime factors of t(10).
2, 3, 5
Suppose 2*i - 707 = 71. What are the prime factors of i?
389
Suppose -4*y + 6 = -74. Let u = 0 + 0. Suppose -3*r - r + y = u. List the prime factors of r.
5
Let h(q) be the third derivative of -q**4/6 - 5*q**3/3 - 4*q**2. Suppose -2*y = 16 + 2. List the prime factors of h(y).
2, 13
Let z(k) = -6*k - 16. Let h(p) = -p - 7. Let y be h(-7). Suppose y = -t + 3*a - 1, -t - 19 = 2*t - 5*a. What are the prime factors of z(t)?
2, 31
Suppose -4*n - h = -11 - 2, 3*h + 21 = 3*n. Suppose -144 = -9*c + n*c - 3*i, 0 = c + 3*i - 36. What are the prime factors of c?
3
Let y = 20 + -23. Let r be y/(-7)*21/3. Suppose -5*o = -2*b + 61, 0*b = -2*b - r*o + 69. What are the prime factors of b?
3, 11
Suppose 8 = -2*o - 2*a, 0*o + a - 32 = 3*o. Let t be (-3)/o - (-728)/12. Let s = t - 12. What are the prime factors of s?
7
Let z be 80 + 8/(-1 - 3). Let g = 3 + 0. Suppose -g*h - 5*o + z = 0, -4*h + 87 = -h + 2*o. List the prime factors of h.
31
Let n(b) = -b**3 + 5*b**2 + 4*b - 2. Let z be n(6). Suppose -47 = -r - 3*s, -3*r = -4*r - 4*s + 52. Let v = z + r. What are the prime factors of v?
2, 3
Suppose 5*z = 7*a - 9*a + 1719, 1362 = 4*z - 5*a. List the prime factors of z.
7
Let o be (-60)/45 - (-10)/3. Suppose -4*a = 2*d - 16 - 14, 3*d + o*a = 25. Suppose -50 = h - d*h - 3*p, 4*p = -2*h + 30. List the prime factors of h.
11
Let n be 230 - ((-21)/(-3) - 3). Let a = n + 61. What are the prime factors of a?
7, 41
Let k(m) = 936*m**3 + m**2 + 2*m - 1. List the prime factors of k(1).
2, 7, 67
Suppose -672 = -7*j - j. List the prime factors of j.
2, 3, 7
Let b(a) = -5*a**3 + 3*a**2 + 4*a + 3. Let o be b(3). Let h = o + 134. List the prime factors of h.
41
Suppose 9*q = 20*q - 1199. List the prime factors of q.
109
Let x = 3886 + -